{"id":19,"date":"2017-05-12T09:58:28","date_gmt":"2017-05-12T07:58:28","guid":{"rendered":"https:\/\/ypa.de\/?page_id=19"},"modified":"2026-04-01T08:55:01","modified_gmt":"2026-04-01T06:55:01","slug":"unternehmen","status":"publish","type":"page","link":"https:\/\/ypa.de\/unternehmen\/","title":{"rendered":"Unternehmen"},"content":{"rendered":"","protected":false},"excerpt":{"rendered":"","protected":false},"author":1,"featured_media":0,"parent":0,"menu_order":0,"comment_status":"closed","ping_status":"closed","template":"","meta":[],"acf":[],"yoast_head":"<!-- This site is optimized with the Yoast SEO plugin v16.4 - https:\/\/yoast.com\/wordpress\/plugins\/seo\/ -->\n<title>Unternehmen - Young Pro Academy<\/title>\n<meta name=\"description\" content=\"YPA | YOUNG PRO ACADEMY, bietet Antworten und Perspektiven f\u00fcr Unternehmen und Ausbilder. Wir begleiten Sie zu Themen wie erfolgreichem Auszubildenden Recruiting und Weiterentwicklung f\u00fcr Ausbildungsbeauftrage \/ Ausbilder:innen. Ihre Auszubildenden und jungen Mitarbeiter:innen f\u00f6rdern wir in der Entwicklung zu Fach- und F\u00fchrungskr\u00e4ften.\" \/>\n<meta name=\"robots\" content=\"index, follow, max-snippet:-1, max-image-preview:large, max-video-preview:-1\" \/>\n<link rel=\"canonical\" href=\"https:\/\/ypa.de\/unternehmen\/\" \/>\n<meta property=\"og:locale\" content=\"de_DE\" \/>\n<meta property=\"og:type\" content=\"article\" \/>\n<meta property=\"og:title\" content=\"Unternehmen - Young Pro Academy\" \/>\n<meta property=\"og:description\" content=\"YPA | YOUNG PRO ACADEMY, bietet Antworten und Perspektiven f\u00fcr Unternehmen und Ausbilder. Wir begleiten Sie zu Themen wie erfolgreichem Auszubildenden Recruiting und Weiterentwicklung f\u00fcr Ausbildungsbeauftrage \/ Ausbilder:innen. Ihre Auszubildenden und jungen Mitarbeiter:innen f\u00f6rdern wir in der Entwicklung zu Fach- und F\u00fchrungskr\u00e4ften.\" \/>\n<meta property=\"og:url\" content=\"https:\/\/ypa.de\/unternehmen\/\" \/>\n<meta property=\"og:site_name\" content=\"Unternehmen - Young Pro Academy\" \/>\n<meta property=\"article:modified_time\" content=\"2026-04-01T06:55:01+00:00\" \/>\n<meta name=\"twitter:card\" content=\"summary\" \/>\n<script type=\"application\/ld+json\" class=\"yoast-schema-graph\">{\"@context\":\"https:\/\/schema.org\",\"@graph\":[{\"@type\":\"WebSite\",\"@id\":\"https:\/\/ypa.de\/unternehmen\/#website\",\"url\":\"https:\/\/ypa.de\/unternehmen\/\",\"name\":\"Unternehmen - Young Pro Academy\",\"description\":\"Eine weitere Young Pro Acedemy Website\",\"potentialAction\":[{\"@type\":\"SearchAction\",\"target\":\"https:\/\/ypa.de\/unternehmen\/?s={search_term_string}\",\"query-input\":\"required name=search_term_string\"}],\"inLanguage\":\"de\"},{\"@type\":\"WebPage\",\"@id\":\"https:\/\/ypa.de\/unternehmen\/#webpage\",\"url\":\"https:\/\/ypa.de\/unternehmen\/\",\"name\":\"Unternehmen - Young Pro Academy\",\"isPartOf\":{\"@id\":\"https:\/\/ypa.de\/unternehmen\/#website\"},\"datePublished\":\"2017-05-12T07:58:28+00:00\",\"dateModified\":\"2026-04-01T06:55:01+00:00\",\"description\":\"YPA | YOUNG PRO ACADEMY, bietet Antworten und Perspektiven f\\u00fcr Unternehmen und Ausbilder. Wir begleiten Sie zu Themen wie erfolgreichem Auszubildenden Recruiting und Weiterentwicklung f\\u00fcr Ausbildungsbeauftrage \/ Ausbilder:innen. Ihre Auszubildenden und jungen Mitarbeiter:innen f\\u00f6rdern wir in der Entwicklung zu Fach- und F\\u00fchrungskr\\u00e4ften.\",\"breadcrumb\":{\"@id\":\"https:\/\/ypa.de\/unternehmen\/#breadcrumb\"},\"inLanguage\":\"de\",\"potentialAction\":[{\"@type\":\"ReadAction\",\"target\":[\"https:\/\/ypa.de\/unternehmen\/\"]}]},{\"@type\":\"BreadcrumbList\",\"@id\":\"https:\/\/ypa.de\/unternehmen\/#breadcrumb\",\"itemListElement\":[{\"@type\":\"ListItem\",\"position\":1,\"item\":{\"@type\":\"WebPage\",\"@id\":\"https:\/\/ypa.de\/unternehmen\/\",\"url\":\"https:\/\/ypa.de\/unternehmen\/\",\"name\":\"Startseite\"}},{\"@type\":\"ListItem\",\"position\":2,\"item\":{\"@id\":\"https:\/\/ypa.de\/unternehmen\/#webpage\"}}]}]}<\/script>\n<!-- \/ Yoast SEO plugin. -->","_links":{"self":[{"href":"https:\/\/ypa.de\/unternehmen\/wp-json\/wp\/v2\/pages\/19"}],"collection":[{"href":"https:\/\/ypa.de\/unternehmen\/wp-json\/wp\/v2\/pages"}],"about":[{"href":"https:\/\/ypa.de\/unternehmen\/wp-json\/wp\/v2\/types\/page"}],"author":[{"embeddable":true,"href":"https:\/\/ypa.de\/unternehmen\/wp-json\/wp\/v2\/users\/1"}],"replies":[{"embeddable":true,"href":"https:\/\/ypa.de\/unternehmen\/wp-json\/wp\/v2\/comments?post=19"}],"version-history":[{"count":430,"href":"https:\/\/ypa.de\/unternehmen\/wp-json\/wp\/v2\/pages\/19\/revisions"}],"predecessor-version":[{"id":4009,"href":"https:\/\/ypa.de\/unternehmen\/wp-json\/wp\/v2\/pages\/19\/revisions\/4009"}],"wp:attachment":[{"href":"https:\/\/ypa.de\/unternehmen\/wp-json\/wp\/v2\/media?parent=19"}],"curies":[{"name":"wp","href":"https:\/\/api.w.org\/{rel}","templated":true}]}}